prime factors of 2840?
2, 5, 71
What are the prime factors of 334?
2, 167
What are the prime factors of 13029?
3, 43, 101
What are the prime factors of 82840?
2, 5, 19, 109
What are the prime factors of 108723?
3, 36241
List the prime factors of 559.
13, 43
List the prime factors of 46480.
2, 5, 7, 83
List the prime factors of 530.
2, 5, 53
What are the prime factors of 593?
593
List the prime factors of 2302.
2, 1151
What are the prime factors of 41772?
2, 3, 59
List the prime factors of 32124.
2, 3, 2677
List the prime factors of 50480.
2, 5, 631
What are the prime factors of 767?
13, 59
What are the prime factors of 44305?
5, 8861
List the prime factors of 5781.
3, 41, 47
What are the prime factors of 94371?
3, 83, 379
What are the prime factors of 11089?
13, 853
List the prime factors of 32472.
2, 3, 11, 41
What are the prime factors of 3710?
2, 5, 7, 53
What are the prime factors of 2080?
2, 5, 13
What are the prime factors of 10589?
10589
List the prime factors of 149537.
229, 653
List the prime factors of 3083.
3083
What are the prime factors of 337?
337
List the prime factors of 6961.
6961
List the prime factors of 48683.
89, 547
List the prime factors of 74593.
97, 769
What are the prime factors of 15047?
41, 367
What are the prime factors of 3139?
43, 73
What are the prime factors of 3924?
2, 3, 109
What are the prime factors of 163915?
5, 32783
List the prime factors of 267.
3, 89
What are the prime factors of 2327?
13, 179
List the prime factors of 461.
461
List the prime factors of 32189.
32189
What are the prime factors of 12990?
2, 3, 5, 433
List the prime factors of 8284.
2, 19, 109
What are the prime factors of 104960?
2, 5, 41
List the prime factors of 20821.
47, 443
List the prime factors of 2705.
5, 541
List the prime factors of 4760.
2, 5, 7, 17
What are the prime factors of 35082?
2, 3, 1949
What are the prime factors of 118?
2, 59
List the prime factors of 5674.
2, 2837
What are the prime factors of 2583?
3, 7, 41
What are the prime factors of 19126?
2, 73, 131
List the prime factors of 1336.
2, 167
What are the prime factors of 49498?
2, 24749
What are the prime factors of 3345?
3, 5, 223
What are the prime factors of 11850?
2, 3, 5, 79
What are the prime factors of 2039?
2039
List the prime factors of 599.
599
List the prime factors of 99228.
2, 3, 8269
List the prime factors of 7085.
5, 13, 109
What are the prime factors of 590?
2, 5, 59
What are the prime factors of 141000?
2, 3, 5, 47
List the prime factors of 970.
2, 5, 97
List the prime factors of 38841.
3, 11, 107
What are the prime factors of 2579?
2579
List the prime factors of 101779.
17, 5987
List the prime factors of 101667.
3, 33889
List the prime factors of 350.
2, 5, 7
What are the prime factors of 509?
509
What are the prime factors of 5?
5
List the prime factors of 33653.
73, 461
What are the prime factors of 43369?
31, 1399
List the prime factors of 4436.
2, 1109
List the prime factors of 170.
2, 5, 17
List the prime factors of 47954.
2, 23977
List the prime factors of 98290.
2, 5, 9829
What are the prime factors of 10934?
2, 7, 11, 71
What are the prime factors of 11369?
11369
What are the prime factors of 2297?
2297
What are the prime factors of 2093?
7, 13, 23
What are the prime factors of 1710?
2, 3, 5, 19
What are the prime factors of 30740?
2, 5, 29, 53
What are the prime factors of 605?
5, 11
What are the prime factors of 12894?
2, 3, 7, 307
List the prime factors of 19780.
2, 5, 23, 43
List the prime factors of 19440.
2, 3, 5
List the prime factors of 38124.
2, 3, 353
List the prime factors of 173.
173
List the prime factors of 28428.
2, 3, 23, 103
What are the prime factors of 19199?
73, 263
List the prime factors of 243.
3
List the prime factors of 2835.
3, 5, 7
What are the prime factors of 17334?
2, 3, 107
What are the prime factors of 2422?
2, 7, 173
What are the prime factors of 5464?
2, 683
List the prime factors of 4524.
2, 3, 13, 29
What are the prime factors of 7218?
2, 3, 401
List the prime factors of 828.
2, 3, 23
List the prime factors of 44294.
2, 22147
What are the prime factors of 1034?
2, 11, 47
What are the prime factors of 5276?
2, 1319
List the prime factors of 4293.
3, 53
What are the prime factors of 1974?
2, 3, 7, 47
What are the prime factors of 134?
2, 67
List the prime factors of 48.
2, 3
What are the prime factors of 740?
2, 5, 37
List the prime factors of 52.
2, 13
What are the prime factors of 1913?
1913
List the prime factors of 878.
2, 439
List the prime factors of 11579.
11579
List the prime factors of 141385.
5, 28277
What are the prime factors of 24783?
3, 11, 751
List the prime factors of 16826.
2, 47, 179
What are the prime factors of 6640?
2, 5, 83
List the prime factors of 18833.
37, 509
What are the prime factors of 33775?
5, 7, 193
List the prime factors of 7442.
2, 61
What are the prime factors of 34964?
2, 8741
What are the prime factors of 43978?
2, 11, 1999
List the prime factors of 744.
2, 3, 31
What are the prime factors of 2848?
2, 89
What are the prime factors of 10218?
2, 3, 13, 131
What are the prime factors of 24448?
2, 191
What are the prime factors of 10147?
73, 139
What are the prime factors of 157718?
2, 11, 67, 107
What are the prime factors of 105359?
105359
List the prime factors of 9451.
13, 727
List the prime factors of 13159.
13159
What are the prime factors of 531?
3, 59
List the prime factors of 29445.
3, 5, 13, 151
What are the prime factors of 25425?
3, 5, 113
What are the prime factors of 6042?
2, 3, 19, 53
List the prime factors of 116426.
2, 23, 2531
What are the prime factors of 70977?
3, 59, 401
List the prime factors of 526.
2, 263
List the prime factors of 716.
2, 179
What are the prime factors of 1153?
1153
List the prime factors of 3661.
7, 523
List the prime factors of 114578.
2, 59, 971
List the prime factors of 518.
2, 7, 37
List the prime factors of 6451.
6451
What are the prime factors of 9943?
61, 163
List the prime factors of 2053.
2053
List the prime factors of 10022.
2, 5011
What are the prime factors of 269?
269
What are the prime factors of 8435?
5, 7, 241
What are the prime factors of 1749?
3, 11, 53
What are the prime factors of 11787?
3, 3929
What are the prime factors of 42258?
2, 3, 7043
List the prime factors of 2946.
2, 3, 491
What are the prime factors of 9000?
2, 3, 5
What are the prime factors of 1845?
3, 5, 41
What are the prime factors of 1187?
1187
List the prime factors of 6256.
2, 17, 23
List the prime factors of 55301.
17, 3253
List the prime factors of 58194.
2, 3, 53, 61
List the prime factors of 2521.
2521
List the prime factors of 47054.
2, 7, 3361
List the prime factors of 24989.
24989
List the prime factors of 700.
2, 5, 7
List the prime factors of 537.
3, 179
List the prime factors of 8415.
3, 5, 11, 17
List the prime factors of 1544.
2, 193
What are the prime factors of 1797?
3, 599
List the prime factors of 519.
3, 173
List the prime factors of 94749.
3, 31583
List the prime factors of 37.
37
What are the prime factors of 178?
2, 89
What are the prime factors of 22138?
2, 11069
List the prime factors of 50180.
2, 5, 13, 193
List the prime factors of 289.
17
What are the prime factors of 534?
2, 3, 89
List the prime factors of 82303.
13, 487
List the prime factors of 13568.
2, 53
What are the prime factors of 1143?
3, 127
What are the prime factors of 688?
2, 43
List the prime factors of 42173.
181, 233
What are the prime factors of 3832?
2, 479
What are the prime factors of 4258?
2, 2129
What are the prime factors of 9317?
7, 11
What are the prime factors of 18615?
3, 5, 17, 73
What are the prime factors of 7097?
47, 151
What are the prime factors of 830?
2, 5, 83
List the prime factors of 2316.
2, 3, 193
What are the prime factors of 260?
2, 5, 13
What are the prime factors of 1042?
2, 521
List the prime factors of 6791.
6791
What are the prime factors of 6188?
2, 7, 13, 17
List the prime factors of 46293.
3, 13, 1187
What are the prime factors of 1533?
3, 7, 73
What are the prime factors of 783?
3, 29
List the prime factors of 1994.
2, 997
List the prime factors of 861.
3, 7, 41
List the prime factors of 15181.
17, 19, 47
List the prime factors of 53365.
5, 13, 821
What are the prime factors of 15355?
5, 37, 83
List the prime fac